.
2310
What is the highest common factor of 2003645 and 10412?
19
Calculate the highest common divisor of 50297709 and 378.
21
What is the highest common divisor of 346227410 and 3208?
802
What is the highest common divisor of 7424 and 32132?
116
Calculate the greatest common factor of 45069155 and 267.
89
Calculate the greatest common divisor of 56 and 55469477.
7
Calculate the greatest common divisor of 3618 and 13732856.
134
What is the greatest common divisor of 666438 and 27528?
186
What is the highest common divisor of 139987522 and 469?
67
Calculate the highest common divisor of 71933946 and 8478.
942
Calculate the greatest common factor of 2 and 1810574.
2
What is the highest common factor of 4068 and 14733?
9
Calculate the greatest common factor of 47328 and 133328892.
5916
What is the greatest common divisor of 102800 and 368281?
257
Calculate the greatest common factor of 6444 and 6678.
18
What is the highest common divisor of 4267 and 2978115?
251
Calculate the highest common divisor of 7350 and 96918.
6
What is the greatest common factor of 26415022 and 534?
178
Calculate the highest common divisor of 79 and 2640733.
79
What is the highest common factor of 18957 and 3986153?
71
What is the greatest common factor of 19 and 50243353?
19
Calculate the greatest common divisor of 5048 and 328188148.
2524
What is the highest common divisor of 1170 and 818870?
130
Calculate the greatest common divisor of 2251415 and 9135.
145
Calculate the highest common divisor of 13629077 and 847.
847
Calculate the greatest common factor of 2332231492 and 521.
521
What is the greatest common divisor of 2175 and 14508075?
75
What is the greatest common divisor of 176 and 2129104?
16
Calculate the highest common factor of 388 and 15809.
1
What is the highest common factor of 1024 and 852224?
256
What is the greatest common factor of 280 and 24065832?
56
Calculate the highest common factor of 34614315 and 45.
45
What is the greatest common factor of 3718 and 2194621?
143
What is the greatest common divisor of 20808 and 349112?
2312
Calculate the greatest common divisor of 12015651 and 408.
51
Calculate the highest common divisor of 380 and 198135.
5
Calculate the highest common divisor of 6779411 and 276.
23
What is the greatest common factor of 1586 and 19214268?
122
What is the highest common divisor of 13198851 and 562?
281
What is the greatest common factor of 354468 and 22836?
12
Calculate the highest common divisor of 1668 and 204191.
139
Calculate the greatest common factor of 79616 and 123467.
311
Calculate the greatest common divisor of 2060256 and 103403.
1951
Calculate the greatest common factor of 8540094 and 2958.
174
What is the greatest common factor of 13081 and 2029333?
127
Calculate the highest common divisor of 72 and 2618046.
18
What is the highest common factor of 81339 and 1352268?
57
Calculate the highest common divisor of 871716593 and 22.
11
Calculate the greatest common divisor of 428 and 73179012.
428
Calculate the greatest common factor of 1334 and 561324.
58
What is the greatest common factor of 956998290 and 531?
177
What is the highest common divisor of 13938 and 13439868?
606
Calculate the highest common divisor of 1785936 and 30624.
1392
Calculate the greatest common divisor of 391 and 935037400.
391
Calculate the highest common factor of 499647 and 2727.
303
Calculate the highest common factor of 47395533 and 23916.
5979
What is the greatest common factor of 992 and 2886968?
248
What is the greatest common divisor of 159246 and 32238?
162
Calculate the highest common divisor of 2503050 and 51250.
2050
Calculate the highest common factor of 949641 and 1239.
21
Calculate the highest common divisor of 117250238 and 1176.
98
Calculate the highest common factor of 11468678 and 1352.
338
What is the greatest common factor of 286 and 20167966?
26
What is the greatest common factor of 7605232 and 16?
16
Calculate the greatest common factor of 170064 and 76488.
24
What is the greatest common divisor of 52551150 and 250?
50
What is the greatest common divisor of 432 and 48115440?
144
What is the highest common factor of 41551559 and 98?
49
What is the highest common factor of 1080135 and 465?
15
Calculate the greatest common divisor of 43558752 and 288.
96
Calculate the highest common factor of 8860 and 92004012.
1772
Calculate the greatest common divisor of 1164815556 and 1590.
318
Calculate the greatest common divisor of 447914862 and 36.
18
Calculate the highest common factor of 4202839 and 305.
61
What is the highest common factor of 28 and 297195577?
7
What is the greatest common divisor of 2795804 and 99?
11
What is the highest common factor of 325968569 and 59?
59
Calculate the highest common divisor of 261232039 and 1021.
1021
Calculate the highest common factor of 20081209 and 771.
257
What is the greatest common factor of 263248525 and 25?
25
Calculate the greatest common factor of 15409996 and 67424.
1204
What is the greatest common divisor of 165563870 and 1085?
155
What is the greatest common divisor of 64770 and 140505?
255
What is the highest common divisor of 67890 and 1802340?
930
What is the greatest common factor of 276042 and 2379?
39
Calculate the highest common divisor of 86548742 and 28.
14
Calculate the highest common factor of 27813 and 465963.
381
What is the greatest common factor of 149986 and 81805522?
7894
What is the greatest common divisor of 428001 and 94806?
687
Calculate the greatest common factor of 10569443 and 989.
989
Calculate the greatest common divisor of 377153 and 2827663.
179
What is the greatest common divisor of 75874015 and 20?
5
What is the highest common factor of 18614190 and 70?
70
Calculate the highest common factor of 57334 and 494642.
218
What is the highest common divisor of 10384152 and 1038?
1038
Calculate the greatest common divisor of 154126 and 4214.
14
Calculate the highest common factor of 7089 and 601144837.
2363
What is the highest common divisor of 25863103 and 119?
119
What is the greatest common divisor of 646 and 17250461?
323
Calculate the greatest common factor of 50038 and 66586.
394
What is the greatest common divisor of 54561183 and 9345?
267
Calculate the greatest common divisor of 128138 and 54431.
79
Calculate the greatest common divisor of 124 and 446496968.
124
Calculate the highest common divisor of 11297 and 501930.
143
What is the highest common divisor of 185343950 and 550?
550
What is the greatest common factor of 3036 and 5449137?
69
What is the greatest common divisor of 75313440 and 360?
360
What is the highest common divisor of 118 and 18958411?
59
Calculate the greatest common divisor of 15720 and 29082.
786
What is the greatest common factor of 391 and 337892?
17
What is the greatest common factor of 170 and 66530452?
34
What is the greatest common factor of 1112490 and 176210?
2630
What is the greatest common divisor of 7124 and 20684534?
3562
Calculate the greatest common factor of 2113288 and 377.
29
Calculate the greatest common divisor of 3505318 and 64.
2
Calculate the greatest common factor of 13774 and 2771480314.
13774
What is the highest common factor of 4886925 and 1425?
75
What is the highest common divisor of 445888 and 3024?
16
What is the highest common divisor of 114 and 9714?
6
Calculate the highest common factor of 24856563 and 222.
111
Calculate the greatest common factor of 2399 and 1089.
1
What is the highest common factor of 186 and 34864491?
93
What is the highest common factor of 86200 and 71470575?
10775
What is the highest common divisor of 291404 and 100828?
1108
What is the greatest common factor of 8617503 and 6?
3
Calculate the greatest common divisor of 8588032 and 512.
256
Calculate the highest common divisor of 148391187 and 168.
21
Calculate the greatest common divisor of 11748075 and 135.
15
Calculate the greatest common factor of 11585840 and 14875.
595
What is the greatest common divisor of 206 and 974998?
206
What is the highest common divisor of 46470 and 1216710?
30
Calculate the highest common factor of 7652202 and 42.
6
What is the highest common factor of 105212558 and 748?
374
Calculate the greatest common factor of 45 and 34974999.
9
What is the greatest common factor of 44397 and 7758?
9
Calcu